).
-495
Let z(x) = 9*x**3 - 34*x**2 - 74*x + 73. Calculate z(5).
-22
Let f(u) = u**2 + 146*u - 27114. Determine f(106).
-402
Let v(t) = 393*t + 119078. Give v(-303).
-1
Let y(w) = 4368060*w - 78625071. Determine y(18).
9
Let t(k) = k**3 - 172*k**2 + 323*k + 43. Calculate t(2).
9
Let d(h) = -10*h**3 + 44*h**2 - 51*h - 41. Determine d(3).
-68
Let h(k) = -6*k**3 + 109*k**2 - 44*k + 132. Determine h(18).
-336
Let h(q) = 420*q**3 + 1683*q**2 + 11*q + 4. What is h(-4)?
8
Let m(o) = 4*o**3 - 26*o**2 + 39*o - 221. What is m(5)?
-176
Let j(s) = -6322*s**2 - 6704*s + 1. Determine j(-1).
383
Let m(w) = 9*w**2 - 657*w + 9880. Calculate m(20).
340
Let h(q) = 3629*q + 69096. Calculate h(-19).
145
Let y(q) = 2*q**3 - 284*q**2 + 271*q + 1580. Give y(141).
29
Let j(h) = 12581*h + 127806. Calculate j(-10).
1996
Let w(q) = -42228*q - 42211. What is w(-1)?
17
Let s(u) = u**3 + 23*u**2 - 810*u + 4228. Determine s(7).
28
Let k(q) = -99*q - 2223. Calculate k(-19).
-342
Let s(l) = 8581*l + 2394090. Give s(-279).
-9
Let j(l) = 376*l - 4324. Determine j(11).
-188
Let h(z) = 2040*z - 18525. Give h(9).
-165
Let v(k) = 46*k**3 + 2*k**2 - 203*k - 206. Calculate v(-1).
-47
Let f(x) = -5*x**3 + 14*x**2 + 28*x + 99. What is f(-5)?
934
Let m(y) = -5*y**2 - 16*y + 342. Give m(-10).
2
Let h(q) = -q**2 + 107*q + 242. Determine h(0).
242
Let p(i) = -2774*i - 18279. Give p(-8).
3913
Let o(k) = -k**3 + 50*k**2 - 142*k + 7137. Calculate o(50).
37
Let o(g) = -g**3 + 40*g**2 + 464*g + 4186. Determine o(51).
-761
Let x(s) = 3*s**2 - 1404*s + 82591. Determine x(69).
-2
Let t(i) = 14*i**2 - 7192*i - 7195. Calculate t(-1).
11
Let i(x) = -x**3 - 44*x**2 + 357*x + 470. Determine i(8).
-2
Let f(a) = 13285*a - 624421. What is f(47)?
-26
Let w(a) = -a**2 + 317*a + 887863. What is w(-797)?
5
Let j(d) = -d**2 + 40*d + 5152. Calculate j(99).
-689
Let c(d) = 51274*d - 461525. Determine c(9).
-59
Let z(a) = 33633*a + 336341. Calculate z(-10).
11
Let b(l) = 2*l**2 - 1435*l + 19690. Calculate b(14).
-8
Let j(u) = -96*u**2 + 12063*u - 168432. Give j(16).
0
Let v(y) = 2407*y - 1071116. What is v(445)?
-1
Let l(s) = 31*s**3 + 787*s**2 + 301*s + 39. Give l(-25).
14
Let t(n) = -2178*n + 17410. Give t(8).
-14
Let z(k) = 273*k**3 + 3*k**2 - 5*k - 8. Calculate z(-1).
-273
Let o(l) = 2766*l - 16993. Give o(6).
-397
Let l(d) = -2*d**3 + 221*d**2 + 557*d + 868. What is l(113)?
-36
Let k(s) = -1940*s - 826498. Calculate k(-426).
-58
Let z(q) = 3*q**2 + 216*q - 3084. What is z(12)?
-60
Let k(o) = 3*o**3 - 234*o**2 - 30070*o - 19444. What is k(-68)?
4
Let u(f) = -66*f**2 - 23944*f + 95777. Determine u(4).
-1055
Let c(l) = 17*l**2 - 4064*l - 69107. What is c(255)?
-2
Let h(d) = d**3 + 59*d**2 + 790*d + 568. Give h(-19).
-2
Let o(l) = l**3 - 21*l**2 + 94*l - 462. Determine o(18).
258
Let a(k) = 8956*k**2 + 250780*k + 345. What is a(-28)?
9
Let i(r) = 164923*r - 1319397. Give i(8).
-13
Let w(z) = 395*z + 154462. Determine w(-391).
17
Let t(q) = -8*q**2 - 1951*q + 4064. Calculate t(-245).
1859
Let u(z) = 4887*z + 53746. Determine u(-11).
-11
Let i(g) = -g**3 + 96*g**2 + 3626*g - 25. Determine i(-29).
-54
Let n(o) = 288423*o + 3172665. Determine n(-11).
12
Let q(w) = 134*w**2 + 29749*w + 407. Determine q(-222).
185
Let n(i) = -16*i**3 - 13071*i**2 + 792*i - 20419. Give n(-817).
6
Let u(m) = 7*m**2 - 135*m - 2319. Determine u(-11).
13
Let n(p) = 4*p**3 + 333*p**2 + 247*p + 41909. Calculate n(-84).
-7
Let u(l) = 627843*l + 22602346. What is u(-36)?
-2
Let n(m) = 11*m**2 - 901*m + 18435. Give n(40).
-5
Let p(h) = h**3 + 54*h**2 + 8*h + 479. Determine p(-54).
47
Let h(w) = -4*w**3 + 12*w**2 - 87*w + 270. Determine h(5).
-365
Let k(t) = 122258*t + 122283. Give k(-1).
25
Let g(m) = 1373*m**2 + 9567*m - 338. Determine g(-7).
-30
Let n(u) = 1075*u - 246620. Determine n(230).
630
Let o(s) = -s**3 + s**2 - 1575*s + 9564. Calculate o(6).
-66
Let a(s) = 5*s**2 - 128*s - 2088. Determine a(37).
21
Let j(b) = 3*b**3 - 4080*b**2 - 605477*b + 2986. Determine j(1495).
-4
Let u(l) = -18*l**2 + 4170*l - 193137. Give u(64).
15
Let n(l) = -48*l**2 + 430*l + 12. What is n(8)?
380
Let f(j) = j**3 - 329*j**2 - 3037*j - 1692. Calculate f(338).
-2
Let c(a) = a**3 - 25*a**2 + 64*a + 459. What is c(7)?
25
Let t(x) = -4458*x - 13380. Determine t(-3).
-6
Let u(f) = 111*f**2 + 735*f - 2161. Give u(3).
1043
Let b(x) = -13*x**2 + 34*x + 263. Calculate b(-9).
-1096
Let h(x) = 2*x**3 - 45*x**2 + 113*x + 227. What is h(18)?
-655
Let x(w) = -32589*w + 228240. What is x(7)?
117
Let s(r) = -r**3 + 36*r**2 - 93*r - 221. Calculate s(33).
-23
Let z(l) = l**3 + 136*l**2 + 647*l - 1043. What is z(-131)?
5
Let x(o) = 15*o**2 - 107*o + 19. What is x(6)?
-83
Let m(d) = -744*d + 60829. What is m(82)?
-179
Let g(x) = x**3 + 11*x**2 + 2201*x + 22078. What is g(-10)?
168
Let g(t) = -2*t**2 - 829*t - 21668. What is g(-28)?
-24
Let w(q) = 1638882*q + 6555524. Calculate w(-4).
-4
Let f(n) = 48651*n - 340956. What is f(7)?
-399
Let z(g) = -19*g**3 - 643*g**2 - 527*g + 38. Calculate z(-33).
5
Let w(v) = 5*v**3 - 2470*v**2 - 20*v + 9903. Determine w(494).
23
Let j(a) = a**2 + 414*a - 27370. Give j(58).
6
Let l(p) = 15*p**2 + 287*p + 68. Give l(-18).
-238
Let k(g) = -g**3 + 95*g**2 - 47*g + 4451. Determine k(95).
-14
Let a(u) = -112641*u - 901138. Determine a(-8).
-10
Let h(w) = -178*w**2 - 250*w + 9393. Determine h(-8).
1
Let s(t) = 1502*t - 178686. What is s(119)?
52
Let k(b) = 10*b**2 - 79*b - 471. Determine k(12).
21
Let i(y) = -y**3 + 31*y**2 + 49*y - 1585. Determine i(31).
-66
Let s(a) = -a**3 + 11*a**2 + 159*a - 1295. Calculate s(23).
-3986
Let j(b) = 363*b**2 + 15*b + 48. What is j(-2)?
1470
Let h(n) = 1571*n + 3792. What is h(-3)?
-921
Let k(l) = 168571*l - 1685705. Determine k(10).
5
Let z(r) = r**3 + 4799*r**2 - 9594*r - 18. Determine z(2).
-2
Let a(k) = 7*k**3 + 130*k**2 - 904*k + 199. What is a(-24)?
7
Let v(p) = 30*p**2 - 162*p + 183. What is v(4)?
15
Let q(v) = 5401*v + 4241. Determine q(-1).
-1160
Let x(t) = 9*t**2 + 324*t - 2236. Give x(-42).
32
Let c(b) = -b**3 - 8*b**2 - 88*b - 637. What is c(-8)?
67
Let i(b) = 18460*b - 129208. Determine i(7).
12
Let m(t) = 3*t**3 - 44*t**2 - 86*t - 1640. Determine m(18).
52
Let n(f) = 2*f**3 + 22*f**2 - 208*f - 2047. Determine n(-13).
-19
Let i(t) = t**3 + 229*t**2 + 2005*t + 360. Calculate i(-220).
-5140
Let h(b) = -168*b**2 + 1342*b - 31. Determine h(8).
-47
Let t(p) = p**3 - 17*p**2 - 108*p - 208. Determine t(-5).
-218
Let o(s) = -194*s**3 + 48694*s**2 - 3*s + 759. Calculate o(251).
6
Let i(n) = 3*n**3 + 252*n**2 + 959*n + 38281. Determine i(-82).
-13
Let u(m) = -m**3 - 32*m**2 + 17581*m + 22057. Give u(-149).
5
Let w(k) = 55*k**2 + 1756*k + 13845. Calculate w(-14).
41
Let t(c) = -9*c**2 - 3246*c - 5389. Calculate t(-359).
-4
Let v(i) = -164479*i + 18586135. Calculate v(113).
8
Let d(o) = -352*o**2 - 7*o - 13. What is d(1)?
-372
Let p(t) = 1340*t - 21436. Give p(16).
4
Let a(t) = 14*t**2 - 49*t + 89. What is a(2)?
47
Let s(q) = -6*q**2 - 196*q - 77. Calculate s(-33).
-143
Let z(v) = -7*v**2 - 402*v - 3709. Give z(-11).
-134
Let v(p) = -p**2 + 5061*p - 578483. Determine v(117).
-35
Let r(p) = 8753*p + 744060. What is r(-85)?
55
Let n(l) = l**3 + 63*l**2 - 552*l - 126. Calculate n(8).
2
Let x(n) = 153*n - 29105. Give x(190).
-35
Let h(j) = 999*j + 41105. What is h(-41)?
146
Let o(m) = -m**3 - 13*m**2 - 42*m - 606. Give o(-14).
178
Let r(i) = -i**3 - 38*i**2 - 6245*i - 406158. Determine r(-56).
10
Let q(y) = y**3 + 21*y**2 - 1299*y + 8755. Give q(21).
-2
Let j(v) = -117*v**2 + 129*v + 1. Calculate j(1).
13
Let m(p) = -p**2 - 216*p - 4051. Calculate m(-21).
44
Let h(w) = 2*w**3 - 217*w**2 + 327*w + 191. What is h(107)?
833
Let n(q) = 198*q**2 + 9125*q + 781. Give n(-46).
-1
Let g(x) = -13*x**2 - 4943*x - 54353. Determine g(-11).
-1553
Let x(l) = -8604*l - 16932. Give x(-2).
276
Let x(m) = m**3 + 713*m**2 + 409*m - 215725. Determine x(-712).
11
Let s(z) = -58*z**2 - 91*z + 38526. Calculate s(25).
1
Let v(z) = -z**2 + 2768*z - 1349899. Give v(632).
53
Let r(s) = 19*s - 2055. Calculate r(113).
92
Let m(t) = -t**3 - 62*t**2 - 763*t + 146. Calculate m(-42).
-3088
Let q(r) = r**3 + 34*r**2 - 588*r + 994. Determine q(-47).
-87
Let h(l) = 4110*l - 65777. Give h(16).
-17
Let k(h) = -h**3 + 64*h**2 - 283*h - 698. What is k(59)?
1